se 12) to base 13.
61c
What is -3737 (base 11) in base 5?
-124010
162 (base 16) to base 7
1014
What is 44 (base 16) in base 13?
53
What is 20001 (base 8) in base 15?
2663
10527 (base 8) to base 11
3376
What is 23 (base 16) in base 8?
43
Convert -2137 (base 14) to base 13.
-27c0
Convert -10000222 (base 3) to base 15.
-9c8
Convert 389 (base 14) to base 15.
324
Convert -21126 (base 8) to base 10.
-8790
Convert 94c (base 13) to base 8.
3061
Convert -347 (base 13) to base 6.
-2342
What is -2422 (base 5) in base 12?
-262
What is 436 (base 10) in base 7?
1162
Convert 107 (base 13) to base 9.
215
What is d77 (base 14) in base 16?
a5d
-1182 (base 15) to base 9
-5085
What is -4319 (base 12) in base 9?
-11083
What is 102310002 (base 4) in base 11?
52993
Convert 10001220 (base 3) to base 2.
100010111110
5357 (base 9) to base 5
111230
What is -1489 (base 15) in base 6?
-32220
What is -1010213 (base 4) in base 6?
-32155
What is -14243 (base 5) in base 14?
-618
100000011100111 (base 2) to base 5
1012430
What is -a4d (base 14) in base 16?
-7ed
What is -1010000010001 (base 2) in base 3?
-21001021
What is 310341 (base 5) in base 15?
2ed1
Convert -4ee (base 15) to base 14.
-5a4
1301233 (base 4) to base 10
7279
-63 (base 12) to base 5
-300
Convert -7072 (base 14) to base 9.
-28433
What is 45ea (base 16) in base 11?
124a1
-521222 (base 6) to base 14
-1131c
What is -794 (base 16) in base 9?
-2585
145a4 (base 14) to base 7
300164
1011011010 (base 2) to base 8
1332
What is -1003242 (base 6) in base 15?
-e0a2
Convert 1d78 (base 14) to base 6.
40554
Convert 416204 (base 7) to base 4.
101201231
What is 2153 (base 6) in base 15?
236
2112111 (base 3) to base 4
130321
-130 (base 9) to base 11
-99
311211 (base 4) to base 10
3429
What is -503 (base 10) in base 6?
-2155
What is 1001111000101 (base 2) in base 3?
20221110
What is -719 (base 10) in base 7?
-2045
Convert -a9b (base 14) to base 15.
-94c
-135 (base 12) to base 13
-113
What is 12310233 (base 4) in base 14?
a287
-122021 (base 3) to base 14
-254
What is -2131 (base 8) in base 16?
-459
What is 111110000010 (base 2) in base 3?
12110001
Convert -11100010 (base 2) to base 4.
-3202
-13482 (base 11) to base 7
-110000
What is -21631 (base 7) in base 8?
-12525
What is 555453 (base 6) in base 2?
1011011000011001
-72211 (base 8) to base 6
-350041
What is 10156 (base 12) in base 7?
115032
-249 (base 16) to base 5
-4320
Convert 596 (base 11) to base 3.
222022
What is -912 (base 15) in base 13?
-c11
-21a8 (base 12) to base 5
-104403
What is 12231 (base 4) in base 15?
1d9
-111010101101 (base 2) to base 14
-1525
Convert -3123 (base 4) to base 7.
-432
-d7c (base 15) to base 8
-5742
Convert -390 (base 10) to base 8.
-606
What is -90b (base 12) in base 6?
-10015
-1910 (base 14) to base 4
-1012222
What is 129 (base 11) in base 8?
230
What is -6570 (base 8) in base 6?
-23544
Convert -41 (base 16) to base 12.
-55
11021 (base 6) to base 4
113311
Convert -5206 (base 8) to base 6.
-20250
-351 (base 15) to base 9
-1024
5787 (base 11) to base 15
23b7
Convert -12210 (base 5) to base 12.
-656
1610 (base 10) to base 13
96b
What is -3867 (base 10) in base 6?
-25523
Convert -288 (base 11) to base 12.
-242
Convert -33211030 (base 4) to base 15.
-13d9a
What is -10130 (base 4) in base 5?
-2114
42032 (base 6) to base 11
4264
Convert -ebf (base 16) to base 2.
-111010111111
-3109 (base 11) to base 2
-1000000011011
What is 268 (base 9) in base 8?
340
What is 695 (base 10) in base 7?
2012
What is 1021 (base 6) in base 11?
199
What is -101111101001101 (base 2) in base 5?
-1240042
1510 (base 6) to base 16
192
What is -1351 (base 6) in base 9?
-434
What is 67653 (base 8) in base 2?
110111110101011
Convert 86a (base 16) to base 6.
13550
What is 6631 (base 11) in base 9?
12887
7b9 (base 14) to base 5
22120
Convert -404 (base 10) to base 16.
-194
What is -14466 (base 8) in base 6?
-45514
-224154 (base 7) to base 9
-60626
What is -5d90 (base 14) in base 12?
-95a2
32113 (base 4) to base 14
499
-133241 (base 5) to base 13
-262c
What is -a35 (base 11) in base 7?
-3432
34266 (base 9) to base 12
11259
What is -88 (base 11) in base 13?
-75
5820 (base 9) to base 11
326a
123031 (base 5) to base 16
129e
What is -1100112 (base 3) in base 12?
-6a2
What is -b6 (base 16) in base 9?
-222
What is -2120002 (base 3) in base 10?
-1865
Convert 247 (base 12) to base 11.
292
Convert 1967 (base 13) to base 12.
224b
What is 10001100010001011 (base 2) in base 11?
49a60
-21151 (base 6) to base 2
-101100111011
-1207 (base 9) to base 11
-747
Convert -3d29 (base 14) to base 15.
-3312
What is -c139 (base 14) in base 5?
-2030200
Convert -111 (base 15) to base 6.
-1041
Convert 231 (base 13) to base 15.
1a3
3f0 (base 16) to base 8
1760
Convert c083 (base 16) to base 8.
140203
-36177 (base 9) to base 14
-8b72
What is 11a6 (base 15) in base 16?
eac
11301 (base 4) to base 14
1c5
-1a3 (base 14) to base 13
-201
1191 (base 14) to base 13
151c
17e2 (base 16) to base 3
22101110
What is -12103222 (base 4) in base 10?
-25834
Convert 2e02 (base 16) to base 8.
27002
40a33 (base 11) to base 2
1110100110100010
-77 (base 13) to base 7
-200
Convert -4411 (base 5) to base 6.
-2450
-23 (base 10) to base 9
-25
-1409 (base 10) to base 14
-729
Convert -154307 (base 8) to base 6.
-1104531
4ab8 (base 13) to base 6
121113
Convert -1033 (base 7) to base 16.
-16f
Convert 4aa (base 13) to base 10.
816
What is -205554 (base 6) in base 2?
-100000111001110
-7340 (base 16) to base 15
-8b1e
What is 33010 (base 4) in base 12?
684
What is -1481 (base 9) in base 15?
-501
What is -11130 (base 7) in base 15?
-c79
Convert -1513 (base 15) to base 6.
-32530
32031332 (base 4) to base 13
2067b
What is 618 (base 15) in base 2?
10101011101
Convert 3101323 (base 4) to base 11.
a104
-2a02 (base 16) to base 7
-43232
Convert 354 (base 11) to base 2.
110100110
What is -422 (base 10) in base 14?
-222
What is -96a (base 11) in base 14?
-5d3
What is 433013 (base 5) in base 12?
865a
-5840 (base 10) to base 4
-1123100
16373 (base 10) to base 9
24412
-2191 (base 16) to base 3
-102210021
-8a15 (base 13) to base 16
-4b54
What is 56452 (base 8) in base 11?
16a12
Convert 2213100 (base 4) to base 3.
112200110
Convert 1000111 (base 3) to base 4.
23212
What is -e89f (base 16) in base 6?
-1135411
What is 10552 (base 8) in base 9?
6103
What is 1000010110 (base 2) in base 8?
1026
541 (base 7) to base 13
181
Convert 4513 (base 7) to base 5.
23002
What is -1312000 (base 4) in base 2?
-1110110000000
Convert -1001 (base 15) to base 3.
-11122001
Convert 145445 (base 6) to base 16.
3785
2101 (base 6) to base 9
571
Convert -205517 (base 8) to base 3.
-10110212111
Convert 6665 (base 11) to base 16.
224f
Convert -1460 (base 15) to base 14.
-183b
What is -101030 (base 5) in base 10?
-3265
What is -302454 (base 7) in base 2?
-1100100010001110
What is -31044 (base 8) in base 6?
-135232
Convert -410 (base 8) to base 16.
-108
Convert 150 (base 11) to base 12.
128
What is 11 (base 14) in base 9?
16
What is 51005 (base 7) in base 9?
17845
What is 1858 (base 11) in base 4?
210322
What is 125128 (base 9) in base 5?
4412143
1086 (base 9) to base 2
1100100111
Convert 1201002 (base 3) to base 13.
749
-1233033 (base 4) to base 13
-3318
Convert -297 (base 15) to base 10.
-592
What is -16985 (base 12) in base 7?
-163520
Convert 443 (base 6) to base 12.
123
44441 (base 6) to base 13
2aa3
-688 (base 16) to base 15
-767
What is -1101010100 (base 2) in base 9?
-1146
-111101110 (base 2) to base 10
-494
What is 2111122 (base 3) in base 11?
1410
Convert 1184 (base 12) to base 9.
2631
What is -2305 (base 8) in base 13?
-72c
-411434 (base 5) to base 2
-11010000111001
1022420 (base 5) to base 2
100001101010011
Convert b19 (base 16) to base 15.
c96
What is 1301 (base 7) in base 16?
1eb
Convert 4b1 (base 16) to base 11.
9a2
What is -80433 (base 10) in base 15?
-18c73
What is 291 (base 13) in base 10?
456
10110010000 (base 2) to base 9
1852
What is 4b7 (base 16) in base 8?
2267
-45682 (base 10) to base 9
-68587
Convert -245a (base 13) to base 9.
-7046
1353 (base 6) to base 16
165
What is -1320012 (base 4) in base 6?
-55330
Convert -2001101011 (base 3) to base 7.
-225460
Convert 5d3 (base 14) to base 6.
5221
Convert 12024 (base 6) to base 12.
1014
4265 (base 15) to base 2
11011011011101
-10